{"id":25,"date":"2016-02-12T08:13:22","date_gmt":"2016-02-12T08:13:22","guid":{"rendered":"http:\/\/demos.famethemes.com\/onepress-plus\/?page_id=25"},"modified":"2026-04-30T08:26:43","modified_gmt":"2026-04-30T06:26:43","slug":"trainerteam","status":"publish","type":"page","link":"https:\/\/etvenns.at\/web\/trainerteam\/","title":{"rendered":"Trainerteam"},"content":{"rendered":"<figure class=\"wp-block-image size-large\"><img loading=\"lazy\" decoding=\"async\" width=\"1024\" height=\"683\" src=\"http:\/\/etvenns.at\/web\/wp-content\/uploads\/2020\/08\/DSC04906-1024x683.jpg\" alt=\"\" class=\"wp-image-3965\" srcset=\"https:\/\/etvenns.at\/web\/wp-content\/uploads\/2020\/08\/DSC04906-1024x683.jpg 1024w, https:\/\/etvenns.at\/web\/wp-content\/uploads\/2020\/08\/DSC04906-scaled-600x400.jpg 600w, https:\/\/etvenns.at\/web\/wp-content\/uploads\/2020\/08\/DSC04906-300x200.jpg 300w, https:\/\/etvenns.at\/web\/wp-content\/uploads\/2020\/08\/DSC04906-768x512.jpg 768w, https:\/\/etvenns.at\/web\/wp-content\/uploads\/2020\/08\/DSC04906-1536x1024.jpg 1536w, https:\/\/etvenns.at\/web\/wp-content\/uploads\/2020\/08\/DSC04906-2048x1365.jpg 2048w\" sizes=\"(max-width: 1024px) 100vw, 1024px\" \/><\/figure><blockquote>\n<p><em><strong>LEIDENSCHAFT F\u00dcR DEN TENNISSPORT,<br \/>ERFAHRUNG UND KOMPETENZ<\/strong><\/em><br \/><em><strong>&#8211; DAS IST UNSER TRAINERTEAM!<\/strong><\/em><\/p>\n<\/blockquote>\n<h4>\u00a0<\/h4>\n<p><strong>Martin Schneiderbauer<\/strong> &#8211; diplomierter Sportp\u00e4dagoge, staatlich gepr\u00fcfter Tennislehrer<\/p>\n<p><strong>Valentin Pruckner<\/strong> &#8211; staatlich gepr\u00fcfter Tennislehrer<\/p>\n<p><strong>Roland Mimra<\/strong> &#8211; staatlich gepr\u00fcfter Tennislehrer<\/p>\n<p><strong>Raphael Egger<\/strong> &#8211; Instruktor f\u00fcr Tennis, dzt. Ausbildung zum Tennislehrer<\/p>\n<p><strong>Roland Kern<\/strong> &#8211; staatliche gepr\u00fcfter Trainer f\u00fcr Allgemeine K\u00f6rperausbildung\/Fitness, Instruktor f\u00fcr Tennis<\/p>\n<p>Unsere ausgebildeten \u00dcbungsleiter*innen:<br \/>&#8211; Melanie Felbermayr<br \/>&#8211; Caroline Kocmann<br \/>&#8211; Florian Harreither<br \/>&#8211; Leon Kaiserseder<br \/>&#8211; Florian Brosche<\/p><p><\/p>","protected":false},"excerpt":{"rendered":"<p>Leidenschaft f\u00fcr den Tennissport, jahrelange Erfahrung und fachliche Kompetenz<br \/>\n&#8211; das ist unser Trainerteam!<\/p>\n","protected":false},"author":2,"featured_media":0,"parent":0,"menu_order":0,"comment_status":"closed","ping_status":"closed","template":"template-fullwidth.php","meta":{"footnotes":""},"class_list":["post-25","page","type-page","status-publish","hentry"],"_links":{"self":[{"href":"https:\/\/etvenns.at\/web\/wp-json\/wp\/v2\/pages\/25"}],"collection":[{"href":"https:\/\/etvenns.at\/web\/wp-json\/wp\/v2\/pages"}],"about":[{"href":"https:\/\/etvenns.at\/web\/wp-json\/wp\/v2\/types\/page"}],"author":[{"embeddable":true,"href":"https:\/\/etvenns.at\/web\/wp-json\/wp\/v2\/users\/2"}],"replies":[{"embeddable":true,"href":"https:\/\/etvenns.at\/web\/wp-json\/wp\/v2\/comments?post=25"}],"version-history":[{"count":21,"href":"https:\/\/etvenns.at\/web\/wp-json\/wp\/v2\/pages\/25\/revisions"}],"predecessor-version":[{"id":9547,"href":"https:\/\/etvenns.at\/web\/wp-json\/wp\/v2\/pages\/25\/revisions\/9547"}],"wp:attachment":[{"href":"https:\/\/etvenns.at\/web\/wp-json\/wp\/v2\/media?parent=25"}],"curies":[{"name":"wp","href":"https:\/\/api.w.org\/{rel}","templated":true}]}}

<figure class="wp-block-image size-large"><img loading="lazy" decoding="async" width="1024" height="683" src="http://etvenns.at/web/wp-content/uploads/2020/08/DSC04906-1024x683.jpg" alt="" class="wp-image-3965" srcset="https://etvenns.at/web/wp-content/uploads/2020/08/DSC04906-1024x683.jpg 1024w, https://etvenns.at/web/wp-content/uploads/2020/08/DSC04906-scaled-600x400.jpg 600w, https://etvenns.at/web/wp-content/uploads/2020/08/DSC04906-300x200.jpg 300w, https://etvenns.at/web/wp-content/uploads/2020/08/DSC04906-768x512.jpg 768w, https://etvenns.at/web/wp-content/uploads/2020/08/DSC04906-1536x1024.jpg 1536w, https://etvenns.at/web/wp-content/uploads/2020/08/DSC04906-2048x1365.jpg 2048w" sizes="(max-width: 1024px) 100vw, 1024px" /></figure><blockquote>
<p><em><strong>LEIDENSCHAFT FÜR DEN TENNISSPORT,<br />ERFAHRUNG UND KOMPETENZ</strong></em><br /><em><strong>&#8211; DAS IST UNSER TRAINERTEAM!</strong></em></p>
</blockquote>
<h4> </h4>
<p><strong>Martin Schneiderbauer</strong> &#8211; diplomierter Sportpädagoge, staatlich geprüfter Tennislehrer</p>
<p><strong>Valentin Pruckner</strong> &#8211; staatlich geprüfter Tennislehrer</p>
<p><strong>Roland Mimra</strong> &#8211; staatlich geprüfter Tennislehrer</p>
<p><strong>Raphael Egger</strong> &#8211; Instruktor für Tennis, dzt. Ausbildung zum Tennislehrer</p>
<p><strong>Roland Kern</strong> &#8211; staatliche geprüfter Trainer für Allgemeine Körperausbildung/Fitness, Instruktor für Tennis</p>
<p>Unsere ausgebildeten Übungsleiter*innen:<br />&#8211; Melanie Felbermayr<br />&#8211; Caroline Kocmann<br />&#8211; Florian Harreither<br />&#8211; Leon Kaiserseder<br />&#8211; Florian Brosche</p><p></p>

<p>Leidenschaft für den Tennissport, jahrelange Erfahrung und fachliche Kompetenz<br />
&#8211; das ist unser Trainerteam!</p>
