{"id":17,"date":"2016-02-12T08:09:36","date_gmt":"2016-02-12T08:09:36","guid":{"rendered":"http:\/\/demos.famethemes.com\/onepress-plus\/?page_id=17"},"modified":"2019-11-26T21:02:58","modified_gmt":"2019-11-26T20:02:58","slug":"chronik","status":"publish","type":"page","link":"https:\/\/etvenns.at\/web\/chronik\/","title":{"rendered":"Chronik"},"content":{"rendered":"<p>Als zweit\u00e4ltester Verein der Stadt Enns blickt der ETV Enns &#8222;1874&#8220; auf eine jahrelange Tradition zur\u00fcck.<\/p>\n<p><b>Gr\u00fcndung am 1. November 1874<\/b><\/p>\n<p>angeregt durch Offiziere des k. u. k. Dragonerregiments Albert K\u00f6nig von Sachsen Nr. 3 gr\u00fcnden M\u00e4nner aus dem B\u00fcrger- und Beamtenstand den &#8222;Ennser Eislaufverein&#8220;.<br \/>\nAls Zweck des Vereins findet man den Eintrag: &#8222;Hebung und F\u00f6rderung des Schlittschuhlaufens und des Eisvergn\u00fcgens \u00fcberhaupt&#8220;.<br \/>\nSchlittschuhlaufen z\u00e4hlte im 19. Jahrhundet noch zu den Vergn\u00fcgungen der Oberschicht.<\/p>\n<p>Die gro\u00dfe Zeit des Vereins folgte unter Oberstabsarzt Dr. Paul Hoffmann (von 1920 bis 1928 Obmann des Vereins), der bereits 1921 f\u00fcr das erste Flutlicht sorgte, als er die Eisfl\u00e4che f\u00fcr Abendveranstaltungen elektrisch beleuchten lie\u00df &#8211; zur damaligen Zeit eine Sensation.<\/p>\n<p><img loading=\"lazy\" decoding=\"async\" class=\"wp-image-1772 size-medium aligncenter\" src=\"http:\/\/etvenns.at.w014cfea.kasserver.com\/web\/wp-content\/uploads\/2019\/11\/Obmann-Dr.-Paul-Hoffmann-1920-1928-189x300.jpg\" alt=\"\" width=\"189\" height=\"300\" srcset=\"https:\/\/etvenns.at\/web\/wp-content\/uploads\/2019\/11\/Obmann-Dr.-Paul-Hoffmann-1920-1928-189x300.jpg 189w, https:\/\/etvenns.at\/web\/wp-content\/uploads\/2019\/11\/Obmann-Dr.-Paul-Hoffmann-1920-1928-scaled-600x951.jpg 600w, https:\/\/etvenns.at\/web\/wp-content\/uploads\/2019\/11\/Obmann-Dr.-Paul-Hoffmann-1920-1928-646x1024.jpg 646w, https:\/\/etvenns.at\/web\/wp-content\/uploads\/2019\/11\/Obmann-Dr.-Paul-Hoffmann-1920-1928-768x1217.jpg 768w, https:\/\/etvenns.at\/web\/wp-content\/uploads\/2019\/11\/Obmann-Dr.-Paul-Hoffmann-1920-1928-969x1536.jpg 969w, https:\/\/etvenns.at\/web\/wp-content\/uploads\/2019\/11\/Obmann-Dr.-Paul-Hoffmann-1920-1928-1292x2048.jpg 1292w, https:\/\/etvenns.at\/web\/wp-content\/uploads\/2019\/11\/Obmann-Dr.-Paul-Hoffmann-1920-1928-scaled.jpg 1615w\" sizes=\"(max-width: 189px) 100vw, 189px\" \/><\/p>\n<p>Zum 50-j\u00e4hrigen Vereinsjubil\u00e4um fand ein Schaulaufen mit Welt- und Europameistern des Wiener Eislauvereins statt.<\/p>\n<p><b>1934<\/b><\/p>\n<p>wird die Sektion Tennis gegr\u00fcndet und ein entsprechendes Spielfeld angelegt. Der Vereinsname wird auf &#8222;Eislauf- und Tennisverein Enns 1874&#8220; ge\u00e4ndert.<\/p>\n<p><b>13. J\u00e4nner 1935<\/b><\/p>\n<p>Gro\u00dfartige 60-Jahr-Feier mit einem Kunstschaulaufen mit Mitgliedern der weltber\u00fchmten Wiener Schule Engelmann.<\/p>\n<p>Nach Kriegsende wollte das Vereinsleben aus verst\u00e4ndlichen Gr\u00fcnden nicht in Schwung kommen. 1948 wurde bei der Jahreshauptversammlung der Antrag auf Aufl\u00f6sung des Vereins gestellt. Major Hubert Obermair ist es zu verdanken, dass der Verein zu neuem Leben erweckt wurde.<\/p>\n<p>Die Anlage wurde etappenweise um 3 Tennispl\u00e4tze erweitert &#8211; die Zuckerfabrik Enns konnte zur Unterst\u00fctzung des Vereins gewonnen werden.<\/p>\n<h3>1961<\/h3>\n<p>wird das Klubhaus &#8211; seit 1954 geplant &#8211; fertig gestellt. Die Pl\u00e4tze 5 und 6 werden errichtet. In der Zeit von 1961 bis 1965 wird die legend\u00e4re Ennser Eishockeymannschaft 5 mal O\u00d6. Meister.<br \/>\nDieses Foto wurde anl\u00e4sslich der Ehrung zum Landesmeistertitel 1963 aufgenommen (von links nach rechts:\u00a0Robert Grindling, Viktor Heller, Gerhard Staffelleitner, Ewald Haas, Friedrich Zocher, Felix Kocmann, Manfred Sch\u00f6neborn, Adolf &#8222;Burli&#8220; Staffelleitner, Roman Schaffler, Josef Gattermayer, Anton Bart)<\/p>\n<p><img loading=\"lazy\" decoding=\"async\" class=\"aligncenter wp-image-1773 size-medium\" src=\"http:\/\/etvenns.at.w014cfea.kasserver.com\/web\/wp-content\/uploads\/2019\/11\/Eishockey-Mannschaft-Landesmeisterehrung-1963-300x189.jpg\" alt=\"\" width=\"300\" height=\"189\" srcset=\"https:\/\/etvenns.at\/web\/wp-content\/uploads\/2019\/11\/Eishockey-Mannschaft-Landesmeisterehrung-1963-300x189.jpg 300w, https:\/\/etvenns.at\/web\/wp-content\/uploads\/2019\/11\/Eishockey-Mannschaft-Landesmeisterehrung-1963-600x378.jpg 600w, https:\/\/etvenns.at\/web\/wp-content\/uploads\/2019\/11\/Eishockey-Mannschaft-Landesmeisterehrung-1963-1024x645.jpg 1024w, https:\/\/etvenns.at\/web\/wp-content\/uploads\/2019\/11\/Eishockey-Mannschaft-Landesmeisterehrung-1963-768x484.jpg 768w, https:\/\/etvenns.at\/web\/wp-content\/uploads\/2019\/11\/Eishockey-Mannschaft-Landesmeisterehrung-1963-1536x968.jpg 1536w, https:\/\/etvenns.at\/web\/wp-content\/uploads\/2019\/11\/Eishockey-Mannschaft-Landesmeisterehrung-1963-480x300.jpg 480w, https:\/\/etvenns.at\/web\/wp-content\/uploads\/2019\/11\/Eishockey-Mannschaft-Landesmeisterehrung-1963-640x400.jpg 640w, https:\/\/etvenns.at\/web\/wp-content\/uploads\/2019\/11\/Eishockey-Mannschaft-Landesmeisterehrung-1963.jpg 1920w\" sizes=\"(max-width: 300px) 100vw, 300px\" \/><\/p>\n<h3>1969<\/h3>\n<p>l\u00f6st sich die Eishockey-Mannschaft mangels Eis und Halle auf. Das Eislaufen beschr\u00e4nkt sich nur mehr auf Publikumslaufen &#8211; das Abendlaufen wurde mangels Interesse \u00fcberhaupt eingestellt.<\/p>\n<h3>1971<\/h3>\n<p>wird zum letzten Mal eine Eisfl\u00e4che hergestellt und es wurde der Beschluss gefasst, das Klubhaus mit einem Gesellschaftsraum, einer gro\u00dfen Herrengarderobe einem WC und einer Duschanlage zu erweitern. Das Vorhaben wurde in zweij\u00e4hriger Bauzeit realisiert.<\/p>\n<h3>1974<\/h3>\n<p>findet die 100-Jahr-Feier statt. Aus diesem Anlass wurde der desolate Zaun der Anlage erneuert.<\/p>\n<p>Die O\u00d6 Landesmeisterschaften werden in Enns ausgetragen. Landesmeister(in) wurde Walter Stiefler bzw. Elke Celigoj. Die Doppeltitel gingen an Blanke\/Stiefler (Herren) Masarie\/Kammerhuber (Damen) Gottinger\/Celigoj (Mixed).<\/p>\n<h3>1988\/89<\/h3>\n<p>Schlie\u00dfung der Zuckerfabrik Enns &#8211; ein wichtiger Partner geht dem ETV Enns &#8222;1874&#8220;\u00a0verloren.<\/p>\n<h3>1996 Hochwasser<\/h3>\n<p>Die Pl\u00e4tze stehen bis \u00fcber die Netzpfosten unter Wasser. Ein Durchbruch des Dammes zum Bleicherbach erm\u00f6glicht das Abflie\u00dfen des Wassers. In 14-t\u00e4giger Arbeit werden die Pl\u00e4tze nach dem Abtrocknen von flei\u00dfigen Mitgliedern von der Lehmschicht befreit.<\/p>\n<p>Dank der Unterst\u00fctzung durch das Land O\u00d6 konnte der finanzielle Schaden in Grenzen gehalten werden.<\/p>\n<h3>1998<\/h3>\n<p>Gr\u00fcndung des YoungStars Teams. Durch intensive Jugendarbeit seit 1995 unter Leitung von Jugendwart G\u00fcnther Massasch und Trainer Thomas Kargl entwickelte sich eine Leistungsgruppe, die durch besondere F\u00f6rderung durch Sponsoren zum Spitzentennis gebracht werden soll.<\/p>\n<p>Frau Barbara Holl\u00e4nder \u00fcbernimmt das Clubbuffet des ETV Enns &#8222;1874&#8220;.<\/p>\n<h3>1999 &#8211; 125 Jahre ETV Enns &#8222;1874&#8220;<\/h3>\n<p>wird in einem gro\u00dfen Festzelt gefeiert. Die Festrede h\u00e4lt Landeshauptmann Dr. Josef P\u00fchringer. Verdiente Mitglieder werden vom O\u00d6. Tennisverband durch das Silberne Ehrenzeichen geehrt.<\/p>\n<p>Die 50. Ennser Stadtmeisterschaften werden auf den ETV-Pl\u00e4tzen durchgef\u00fchrt.<\/p>\n<h3>2003<\/h3>\n<p>Frau Astrid Pineker \u00fcbernimmt das Clubbuffet.<\/p>\n<h3>2004<\/h3>\n<p>Pr\u00e4sident Dr. Leopold Ofner tritt auf eigenen Wunsch zur\u00fcck, nachdem er \u00fcber 25 Jahre im Vorstand des ETV Enns &#8222;1874&#8220; t\u00e4tig gewesen ist. Zuerst als Sektionsleiter, dann als Obmann und letztlich als Pr\u00e4sident trug er ma\u00dfgeblich zum Aufstieg des Vereins bei. Neuer Pr\u00e4sident wird Herr Mag. Franz Paul.<\/p>\n<p>Der ETV Enns &#8222;1874&#8220;vereinbart mit dem ASK\u00d6 Enns, die Stadtmeisterschaften nur mehr alle 2 Jahre zu veranstalten.<\/p>\n<p>Nach zehnj\u00e4hriger T\u00e4tigkeit als Platzwart zieht sich\u00a0Fritz Schm\u00f6ll in den Ruhestand zur\u00fcck. Sein Nachfolger wird Rudi Hizmann.<\/p>\n<p>Auf der Anlage wird der Terrassen\u00fcberbau erneuert, da das alte Holz schon sehr durchmorscht war.<\/p>\n<p>Franz Bachmayer \u00fcbernimmt das Clubbuffet des ETV Enns &#8222;1874&#8220;.<\/p>\n<h3>2006<\/h3>\n<p>Dr. Karl Trindorfer tritt als Vizepr\u00e4sident des ETV Enns &#8222;1874&#8220; zur\u00fcck. An seine Stelle tritt Herr Alfred Hiebl, der den\u00a0Verein bereits jahrelang finanziell gro\u00dfz\u00fcgig unterst\u00fctzt hat.<\/p>\n<p>Das Clubbuffet \u00fcbernimmt Herr Berthold Kohl.<\/p>\n<h3>2007<\/h3>\n<p>Neu im Vorstand ist Ing. Hannes Schatz, der die Funktion des Sektionleiter-Stellvertreters \u00fcbernimmt. Neuer Buffetp\u00e4chter wird Herr Manfred Sch\u00f6rgenhofer.<\/p>\n<p>Die Damen 1 spielen erstmals in der Staatsliga.<\/p>\n<p>Ende August\/Anfang September werden die Ennser Stadtmeisterschaften auf der Anlage des ETV Enns &#8222;1874&#8220; ausgetragen.<\/p>\n<h3>2008<\/h3>\n<p>Das neue Vereinsjahr bringt einige personelle \u00c4nderungen im Vorstand. Die Pr\u00e4sidenten wechseln ihre Positionen, somit ist Alfred Hiebl Pr\u00e4sident und Mag. Franz Paul sein Vize.<\/p>\n<p>Nach dem Ausscheiden von Josef Haidinger (Obmann), Gerhard Pfoser (Kassier),\u00a0G\u00fcnther Massasch (Obmann-Stv. und Sektionsleiter) und Dr. Gerald Neustifter (Kassier-Stv.) d\u00fcrfen wir Klemens Minichberger (Kassier), Doris Minichberger (Kassier-Stv.), Roland Hingerl (Sektionsleiter-Stv.) und Dr. Berthold Pr\u00fcller als neuen Obmann begr\u00fc\u00dfen. Ing. Johannes Schatz wird Obmann-Stv. und Sektionsleiter. Gudrun Lang \u00fcbernimmt die Funktion als Jugendreferentin.<\/p>\n<p>Erstmals ist der ETV Enns &#8222;1874&#8220; in der Staatsliga mit zwei Mannschaften vertreten: Damen 1 und Damen 35<\/p>\n<p>Der Internetauftritt des Vereins wurde durch eine neue Homepage modernisiert.<\/p>\n<h3>2009<\/h3>\n<p>Die Staatsliga ist wieder Geschichte. Die Damen35 sind leider wieder abgestiegen. Die Nennung der Damen-Mannschaft wurde zur\u00fcckgezogen, da es aufgrund von neuen Durchf\u00fchrungsbestimmungen keine Ausl\u00e4nderbeschr\u00e4nkung mehr gibt.<\/p>\n<p>Ein Reservierungssystem wird eingef\u00fchrt &#8211; die Reservierung der Pl\u00e4tze ist nun online m\u00f6glich.<\/p>\n<p>Auf Antrag des ETV Enns &#8222;1874&#8220; wird den ehemaligen Vorstandsmitgliedern Gerhard Pfoser, G\u00fcnther Massasch und Josef Haidinger f\u00fcr besondere Verdienste um den Tennissport das silberne Ehrenzeichen des O\u00d6TV verliehen.<\/p>\n<p><dir><\/dir><dir><\/dir><dir><\/dir><\/p>\n<p align=\"JUSTIFY\">Otto Oberparleiter und Hofrat Dr. Gernot S\u00fc\u00df werden zur Ehrenmitgliedern des ETV Enns &#8222;1874&#8220; ernannt.<\/p>\n<p align=\"JUSTIFY\">Als zus\u00e4tzliche Sitzm\u00f6glichkeit werden drei Gabionenb\u00e4nke aufgestellt.<\/p>\n<h3 align=\"JUSTIFY\">2010<\/h3>\n<p>Erstmals seit 1994 wird in der Generalversammlung eine Erh\u00f6hung der Mitgliedsbeitr\u00e4ge beschlossen. Dieser Schritt war notwendig, um den Betrieb und die Erhaltung unserer Anlage im Sinne einer verantwortungsbewussten Gesch\u00e4ftsf\u00fchrung aufrecht erhalten zu k\u00f6nnen.<\/p>\n<p>Um den Betrieb der Tennisschule YoungStars Tennis Factory auf der Anlage des ETV Enns &#8222;1874&#8220; in geordnete Bahnen zu lenken, wurden Richtlinien erstellt.<br \/>\nEin\u00a0Gro\u00dfsponsor zieht sich aus dem Jugendbereich zur\u00fcck.<\/p>\n<p>Da die Birken auf der Anlage des ETV Enns \u201c1874\u201d gro\u00dfteils morsch waren, mussten diese leider gef\u00e4llt werden. Als Ersatz wurden im vergangenen Jahr mit Unterst\u00fctzung der Stadtgemeinde Enns 9 S\u00e4ulenhaimbuchen gepflanzt. Um den finanziellen Aufwand m\u00f6glichst gering zu halten, wurden unter unseren Mitgliedern Baumpaten gesucht.<\/p>\n<h3 align=\"JUSTIFY\">2011<\/h3>\n<p>Neu im Vorstand ist Helfried Ofner, der die Funktionen von Ing. Johannes Schatz als Obmann-Stv. und Sektionsleiter \u00fcbernimmt. Gudrun Lang legt ihre Funktion als Jugendreferentin zur\u00fcck.<\/p>\n<p>Aufgrund des Wegfalls eines weiteren Gro\u00dfsponsors kann die umfassende finanzielle F\u00f6rderung des\u00a0Jugendtrainings in diesem Umfang nicht mehr aufrecht erhalten werden. Es werden Richtlinien f\u00fcr eine einheitliche und transparente Jugendf\u00f6rderung erstellt.<\/p>\n<p>Zusammen mit dem ASK\u00d6 wurden die Ennser Tennisstadtmeisterschaften unter der Leitung des ETV-Sektionleiters Helfried Ofner und Ernst Huber durchgef\u00fchrt.<\/p>\n<h3>2012<\/h3>\n<p>Bei der Generalversammlung am 20.04.2012 wurde Edith Baumberger zum Ehrenmitglied ernannt.<\/p>\n<p>Birgit Freudenthaler legte nach 8 Jahren ihre Funktion als Schriftf\u00fchrerin-Stellvertreterin und Referentin f\u00fcr Breitensport zur\u00fcck, ebenso stellte Klemens Minichberger sein Amt als Kassier zur Verf\u00fcgung.\u00a0Neu im Vorstand begr\u00fc\u00dfen d\u00fcrfen wir Mag. Klaus Hockl als Kassier und Dr. Gernot B\u00f6hm als Referent f\u00fcr Jugendarbeit, wieder zur\u00fcckgekehrt ist Doris Minichberger als Kassier-Stellvertreterin.<\/p>\n<p>Unser langj\u00e4hriger Cheftrainer\u00a0Thomas Kargl hat zu Beginn der Saison den Sitz seiner Tennisschule YSTF auf die Anlage des ASK\u00d6 verlegt. Damit verbunden waren auch einige Abmeldungen sowohl von\u00a0Vereinsmitgliedern als auch\u00a0Meisterschaftsspielern. Um\u00a0unseren Kindern und Jugendlichen auch auf unserer Anlage ein Training zu erm\u00f6glichen,\u00a0wurde\u00a0mit Kurt Oberparleiter und seinem Trainerteam\u00a0eine perfekte L\u00f6sung gefunden.<\/p>\n<p>Die O\u00d6TV Senioren-Landesmeisterschaften werden im Zeitraum vom 30.08. bis 02.09. auf der Anlage des ETV Enns &#8222;1874&#8220; ausgetragen, die Turnierleitung \u00fcbernehmen Helfried Ofner und Helmut Kern.<\/p>\n<h3>2013<\/h3>\n<p>Neu im Vorstand begr\u00fc\u00dfen d\u00fcrfen wir Claudia Kaiserseder, die unsere Schriftf\u00fchrerin Helga Kocmann unterst\u00fctzen wird. Als neuer Referent f\u00fcr die Jugendarbeit wurde Christoph Buchberger bestellt.<\/p>\n<p>Im Zuge unserer Neupositionierung haben wir unser Coporate Identity \u00fcberarbeitet und treten ab sofort mit einem neuen Logo in Erscheinung.<br \/>\n<img loading=\"lazy\" decoding=\"async\" class=\"aligncenter wp-image-3504 size-thumbnail\" src=\"http:\/\/etvenns.at.w014cfea.kasserver.com\/web\/wp-content\/uploads\/2019\/11\/ETV-fertig-150x150.jpg\" alt=\"\" width=\"150\" height=\"150\" srcset=\"https:\/\/etvenns.at\/web\/wp-content\/uploads\/2019\/11\/ETV-fertig-150x150.jpg 150w, https:\/\/etvenns.at\/web\/wp-content\/uploads\/2019\/11\/ETV-fertig-scaled-300x300.jpg 300w, https:\/\/etvenns.at\/web\/wp-content\/uploads\/2019\/11\/ETV-fertig-scaled-100x100.jpg 100w\" sizes=\"(max-width: 150px) 100vw, 150px\" \/><\/p>\n<p>Der ETV Enns \u201e1874\u201c ist auch dieses Jahr Gastgeber f\u00fcr die O\u00f6 Tennis-Seniorenlandesmeisterschaften. Im Zeitraum vom 22. bis 25.08.2013 finden diese im Auftrag des O\u00f6. Tennisverbandes auf unserer Anlage statt.<\/p>\n<h3>2014<\/h3>\n<p>Unsere Website wurde neu gestaltet und bietet eine F\u00fclle an Neuerungen.<\/p>\n<p>Der bisherige Pr\u00e4sident Alfred Hiebl zieht sich zur\u00fcck, somit tritt der bisherige Vize-Pr\u00e4sident Mag. Franz Paul wieder an die Spitze des Pr\u00e4sidiums.<br \/>\nAuch bei den Funktion\u00e4ren gibt es einen Wechsel \u2013 Roland Hingerl \u00fcbergibt seine Aufgaben als Sektionsleiter-Stellvertreter an J\u00fcrgen Schatz.<br \/>\nW\u00e4hrend der laufenden Saison wurden durch Vorstandsbeschluss Melanie Felbermayr zur Jugendreferentin und Roland Hingerl zum Beirat ernannt.<\/p>\n<p>Wir sind stolz auf unser neues Maskottchen &#8222;Luis&#8220;, das unsere Kids k\u00fcnftig im Tennistraining begleiten soll.<\/p>\n<p><img loading=\"lazy\" decoding=\"async\" class=\"aligncenter wp-image-3505 size-medium\" src=\"http:\/\/etvenns.at.w014cfea.kasserver.com\/web\/wp-content\/uploads\/2019\/11\/l\u00f6we-201x300.jpg\" alt=\"\" width=\"201\" height=\"300\" srcset=\"https:\/\/etvenns.at\/web\/wp-content\/uploads\/2019\/11\/l\u00f6we-201x300.jpg 201w, https:\/\/etvenns.at\/web\/wp-content\/uploads\/2019\/11\/l\u00f6we-scaled-600x896.jpg 600w, https:\/\/etvenns.at\/web\/wp-content\/uploads\/2019\/11\/l\u00f6we-686x1024.jpg 686w, https:\/\/etvenns.at\/web\/wp-content\/uploads\/2019\/11\/l\u00f6we-768x1146.jpg 768w, https:\/\/etvenns.at\/web\/wp-content\/uploads\/2019\/11\/l\u00f6we-1029x1536.jpg 1029w, https:\/\/etvenns.at\/web\/wp-content\/uploads\/2019\/11\/l\u00f6we-1372x2048.jpg 1372w, https:\/\/etvenns.at\/web\/wp-content\/uploads\/2019\/11\/l\u00f6we-scaled.jpg 1715w\" sizes=\"(max-width: 201px) 100vw, 201px\" \/><\/p>\n<p>Im Zeitraum vom 05. bis 07.09.2014 ist der ETV Enns \u201c1874\u201d Schauplatz f\u00fcr die O\u00d6TV KIDS Landesmeisterschaften.<\/p>\n<p>Zur Unterst\u00fctzung der Sektionsleitung wurde Florian Haslinger bei der Vorstandssitzung am 21.10.2014 einstimmig zum 2. Stellvertreter (neben J\u00fcrgen Schatz) bestellt.<\/p>\n<h3>2015<\/h3>\n<p>Unsere Terrasse wurde endlich wetterfest &#8211; die bisherige Holzkonstruktion wurde durch eine Holz-Glas-\u00dcberdachung ersetzt.<\/p>\n<p>Auf Antrag des ETV Enns &#8222;1874&#8220; wird dem ehemaligen Pr\u00e4sidenten Alfred Hiebl f\u00fcr seine jahrelangen Verdienste f\u00fcr den Tennissport durch den Pr\u00e4sidenten des \u00d6sterreichischen Tennisverbandes, Robert Gro\u00df, im Rahmen der Generalversammlung das &#8222;Silberne Ehrenzeichen des O\u00d6TV&#8220; verliehen.<\/p>\n<p>Auf Einladung von Alfred Hiebl konnten wir den Spielerinnen und Spielern der U10- und U12-Mannschaft einen Besuch beim Davis-Cup in Kitzb\u00fchel erm\u00f6glichen.<\/p>\n<p>Austragung der Ennser Tennis-Stadtmeisterschaften im September.<\/p>\n<p>Der ETV Enns &#8222;1874&#8220; war vom 10. bis 13.09.2015 Gastgeber f\u00fcr die O\u00d6TV Jugend Landesmeisterschaften f\u00fcr die Altersgruppen U12 bis U18.<\/p>\n<p>Martin Schneiderbauer steigt als neuer Trainer f\u00fcr die Kinder und Jugendlichen in das Wintertraining ein.<\/p>\n<h3>2016<\/h3>\n<p>Bei der Generalversammlung am 22.04.2016 wurde Kommerzialrat Friedrich Lenz zum Ehrenmitglied ernannt.<\/p>\n<p>Die O\u00d6TV Jugend-Mannschaftsmeisterschaft findet heuer erstmalig erst im Sp\u00e4tsommer statt (5 Wochenenden bis Ende September).<\/p>\n<p>Vom 15. bis 20. August 2016 fanden hier bei uns auf der Anlage des ETV Enns &#8222;1874&#8220; die O\u00f6 Tennis-Landesmeisterschaften der Allgemeinen Klassen f\u00fcr Damen und Herren statt.<\/p>\n<p>J\u00fcrgen Schatz und Florian Haslinger haben beide ihre Funktion als Sektionsleiter-Stellvertreter zur\u00fcckgelegt.\u00a0In der Vorstandssitzung vom 13.10.2016 wurde Harald Sch\u00f6fberger einstimmig zum Stellvertreter des Sektionsleiters bestellt.<\/p>\n<h3>2017<\/h3>\n<p>Im Rahmen der Jahreshauptversammlung wurde unserem langj\u00e4hrigen Pr\u00e4sidenten, Mag. Franz Paul, in W\u00fcrdigung seiner besonderen Verdienste f\u00fcr den ETV Enns &#8222;1874&#8220; und den Tennissport in O\u00d6 vom Pr\u00e4sidenten des O\u00f6 Tennisverbandes, Hans Sommer, das Ehrenzeichen in Gold verliehen.<\/p>\n<p>Im Zeitraum vom 02. bis 06.06.2017 machte der \u00d6TV Jugend Circuit in den Altersklassen U12 und U14 Station in Enns.<\/p>\n<p>In der Vorstandssitzung am 07.06.2017 wurden neue Richtlinien f\u00fcr die Jugendf\u00f6rderung beschlossen. Das vorrangige Ziel dieser Richtlinien ist, mit den verschiedensten Ma\u00dfnahmen optimale Rahmenbedingungen f\u00fcr unseren Nachwuchs zu schaffen.<\/p>\n<p>Auf Initiative von Marco Mirnegg und Stefan Prammer fand im Zeitraum vom 02. bis 06.08.2017 erstmals das ETV ENNS OPEN (offenes Herren-ITN-Turnier) statt.\u00a0Insgesamt wird unter der Turnierleitung von Marco Mirnegg und Helfried Ofner ein Preisgeld EUR 2.400,00 ausgespielt.<\/p>\n<p>Um optimale Bedingungen sowohl f\u00fcr das Turnier als auch f\u00fcr unsere Mitglieder zu schaffen, wurden f\u00fcr alle 7 Pl\u00e4tze neue Netze angeschafft.<\/p>\n<p>Der ETV Enns \u201e1874\u201c fungierte im Zeitraum vom 30.08. bis 03.09.2017 nach 2012 und 2013 wieder als Gastgeber f\u00fcr die O\u00d6TV Senioren Landesmeisterschaften.<\/p>\n<h3>2018<\/h3>\n<p>Durch den steigenden Betriebs- und Instandhaltungsaufwand hat sich der Vorstand zu einer moderaten Erh\u00f6hung der Mitgliedsbeitr\u00e4ge entschieden.<\/p>\n<p>Doris Minichberger hat ihre Funktion als Kassier-Stellvertreterin zur\u00fcckgelegt, da sie im Juli dieses Jahres mit ihrer Familie nach Graz zieht.\u00a0Melanie Eder \u00fcbernimmt die Aufgaben von Doris und unterst\u00fctzt somit k\u00fcnftig Mag. Klaus Hockl in allen finanziellen Belangen des Vereins.\u00a0Weiters verst\u00e4rken ab sofort zwei neue Beir\u00e4te den Vorstand: Rafael Haslauer und speziell f\u00fcr alle Belange rund um unsere Jugend: Martin Schneiderbauer.<\/p>\n<p>Im Zeitraum vom 13. bis 19.08.2018 waren wir Gastgeber f\u00fcr die O\u00d6TV Landesmeisterschaften der Allgemeinen Klasse und der Seniorinnen &amp; Senioren.<\/p>\n<p>Auch der \u00d6TV Junior Circuit machte wieder bei uns auf der Anlage Station. Im Zeitraum von 07.\u00a0 bis 11.09.2018 waren die besten Nachwuchsspieler aus ganz \u00d6sterreich in den Altersklassen U14 und U16 vertreten.<\/p>\n<p>Da die beiden Gasradiatoren im Aufenthaltsbereich des Klubhauses defekt waren, wurden zwei Infrarot-Paneele angeschafft, die jederzeit im Bedarfsfall mit Strom betrieben werden k\u00f6nnen.<\/p>\n<p>Nach dem Beschluss des Vorstands in der Sitzung am 11.09.2018 werden \u00fcber die Wintermonate die Damen- und Herren-Garderoben sowie die Duschen generalsaniert.<br \/>\nDer Startschuss dazu fiel am 10.11.2018 &#8211; unter der Bauleitung von Harald Sch\u00f6fberger und Helfried Ofner wurde mit den Abbrucharbeiten begonnen &#8211; unter Mithilfe einiger unserer Mitglieder.<\/p>\n<h3>2019<\/h3>\n<p>Rechtzeitig zu Saisonbeginn waren die Umbau- und Renovierungsma\u00dfnahmen in den Duschen und Umkleider\u00e4umen abgeschlossen.<\/p>\n<p>Melanie Felbermayr \u00fcbernimmt zus\u00e4tzlich zu ihrer Funktion als Jugendreferentin auch jene der Frauenreferentin. Neu im Vorstandsteam begr\u00fc\u00dfen wir Gregor Minichberger, der die Sektionsleitung bei ihren umfangreichen Agenden unterst\u00fctzen wird.<\/p>\n<p>Harald Sch\u00f6fberger hat den O\u00d6TV Schiedsrichterkurs erfolgreich abgeschlossen.<\/p>\n<p>Die Ennser Tennis-Stadtmeisterschaften finden im zweij\u00e4hrigen Rhythmus statt und wurden nach 2015 dieses Jahr wieder auf unserer Anlage durchgef\u00fchrt.<\/p>\n<p>Der \u00d6TV Jugend Circuit machte auch dieses Jahr wieder Station hier bei uns in Enns.\u00a0Im Zeitraum vom 13. bis 17.09.2019 durften wir wieder die besten Nachwuchstalente aus ganz \u00d6sterreich bei uns begr\u00fc\u00dfen.<\/p>\n<p>Am Samstag, 28.09.2019, wurden auf den Anlagen des ETV Enns \u201e1874\u201c und des ASK\u00d6 Enns die Finalspiele des Teamcups ausgetragen, bei denen auch Stefan Koubek anwesend war und den Siegern pers\u00f6nlich gratulierte.<\/p>\n<p>Unsere Homepage wurde einem Relaunch unterzogen und wurde am 26.11.2019 online gestellt.<\/p>\n","protected":false},"excerpt":{"rendered":"<p>Als zweit\u00e4ltester Verein der Stadt Enns blickt der ETV Enns &#8222;1874&#8220; auf eine jahrelange Tradition zur\u00fcck.<\/p>\n","protected":false},"author":2,"featured_media":1773,"parent":0,"menu_order":0,"comment_status":"closed","ping_status":"closed","template":"template-fullwidth.php","meta":{"footnotes":""},"class_list":["post-17","page","type-page","status-publish","has-post-thumbnail","hentry"],"_links":{"self":[{"href":"https:\/\/etvenns.at\/web\/wp-json\/wp\/v2\/pages\/17"}],"collection":[{"href":"https:\/\/etvenns.at\/web\/wp-json\/wp\/v2\/pages"}],"about":[{"href":"https:\/\/etvenns.at\/web\/wp-json\/wp\/v2\/types\/page"}],"author":[{"embeddable":true,"href":"https:\/\/etvenns.at\/web\/wp-json\/wp\/v2\/users\/2"}],"replies":[{"embeddable":true,"href":"https:\/\/etvenns.at\/web\/wp-json\/wp\/v2\/comments?post=17"}],"version-history":[{"count":19,"href":"https:\/\/etvenns.at\/web\/wp-json\/wp\/v2\/pages\/17\/revisions"}],"predecessor-version":[{"id":3590,"href":"https:\/\/etvenns.at\/web\/wp-json\/wp\/v2\/pages\/17\/revisions\/3590"}],"wp:featuredmedia":[{"embeddable":true,"href":"https:\/\/etvenns.at\/web\/wp-json\/wp\/v2\/media\/1773"}],"wp:attachment":[{"href":"https:\/\/etvenns.at\/web\/wp-json\/wp\/v2\/media?parent=17"}],"curies":[{"name":"wp","href":"https:\/\/api.w.org\/{rel}","templated":true}]}}